{"id":392,"date":"2020-03-27T15:32:00","date_gmt":"2020-03-27T15:32:00","guid":{"rendered":"https:\/\/themes.muffingroup.com\/be\/mining2\/?page_id=2"},"modified":"2024-06-07T18:15:23","modified_gmt":"2024-06-07T18:15:23","slug":"home","status":"publish","type":"page","link":"https:\/\/empresasramires.com.br\/site\/","title":{"rendered":"Home"},"content":{"rendered":"\t\t<div data-elementor-type=\"wp-page\" data-elementor-id=\"392\" class=\"elementor elementor-392\">\n\t\t\t\t\t\t<section class=\"elementor-section elementor-top-section elementor-element elementor-element-5baec26 elementor-section-stretched elementor-section-full_width elementor-section-height-default elementor-section-height-default\" data-id=\"5baec26\" data-element_type=\"section\" data-settings=\"{&quot;stretch_section&quot;:&quot;section-stretched&quot;,&quot;background_background&quot;:&quot;classic&quot;}\">\n\t\t\t\t\t\t<div class=\"elementor-container elementor-column-gap-no\">\n\t\t\t\t\t<div class=\"elementor-column elementor-col-100 elementor-top-column elementor-element elementor-element-bd91d2c\" data-id=\"bd91d2c\" data-element_type=\"column\" data-settings=\"{&quot;background_background&quot;:&quot;classic&quot;}\">\n\t\t\t<div class=\"elementor-widget-wrap elementor-element-populated\">\n\t\t\t\t\t\t<section class=\"elementor-section elementor-inner-section elementor-element elementor-element-637a047 elementor-section-boxed elementor-section-height-default elementor-section-height-default\" data-id=\"637a047\" data-element_type=\"section\">\n\t\t\t\t\t\t<div class=\"elementor-container elementor-column-gap-default\">\n\t\t\t\t\t<div class=\"elementor-column elementor-col-100 elementor-inner-column elementor-element elementor-element-8a45f3d\" data-id=\"8a45f3d\" data-element_type=\"column\">\n\t\t\t<div class=\"elementor-widget-wrap elementor-element-populated\">\n\t\t\t\t\t\t<div class=\"elementor-element elementor-element-7c74117 elementor-widget elementor-widget-image\" data-id=\"7c74117\" data-element_type=\"widget\" data-widget_type=\"image.default\">\n\t\t\t\t<div class=\"elementor-widget-container\">\n\t\t\t\t\t\t\t\t\t\t\t\t\t\t\t<img decoding=\"async\" width=\"150\" height=\"150\" src=\"https:\/\/empresasramires.com.br\/site\/wp-content\/uploads\/2021\/10\/logo-r-150x150.png\" class=\"elementor-animation-grow attachment-thumbnail size-thumbnail wp-image-538\" alt=\"\" srcset=\"https:\/\/empresasramires.com.br\/site\/wp-content\/uploads\/2021\/10\/logo-r-150x150.png 150w, https:\/\/empresasramires.com.br\/site\/wp-content\/uploads\/2021\/10\/logo-r-300x300.png 300w, https:\/\/empresasramires.com.br\/site\/wp-content\/uploads\/2021\/10\/logo-r-146x146.png 146w, https:\/\/empresasramires.com.br\/site\/wp-content\/uploads\/2021\/10\/logo-r-50x50.png 50w, https:\/\/empresasramires.com.br\/site\/wp-content\/uploads\/2021\/10\/logo-r-75x75.png 75w, https:\/\/empresasramires.com.br\/site\/wp-content\/uploads\/2021\/10\/logo-r-85x85.png 85w, https:\/\/empresasramires.com.br\/site\/wp-content\/uploads\/2021\/10\/logo-r-80x80.png 80w, https:\/\/empresasramires.com.br\/site\/wp-content\/uploads\/2021\/10\/logo-r.png 512w\" sizes=\"(max-width: 150px) 100vw, 150px\" \/>\t\t\t\t\t\t\t\t\t\t\t\t\t\t\t<\/div>\n\t\t\t\t<\/div>\n\t\t\t\t<div class=\"elementor-element elementor-element-8bd2160 elementor-widget elementor-widget-text-editor\" data-id=\"8bd2160\" data-element_type=\"widget\" data-widget_type=\"text-editor.default\">\n\t\t\t\t<div class=\"elementor-widget-container\">\n\t\t\t\t\t\t\t\t\t<h1><span style=\"color: #2c3036;\">Nossos neg\u00f3cios<\/span><\/h1><h4>O grupo re\u00fane empresas de v\u00e1rios setores, tais como, a Ramires Motors, concession\u00e1ria da Toyota; Ramires Reflortec, produtos florestais; Ramires Empreendimentos Imobili\u00e1rios, como a Ramires Residencial.<\/h4>\t\t\t\t\t\t\t\t<\/div>\n\t\t\t\t<\/div>\n\t\t\t\t\t<\/div>\n\t\t<\/div>\n\t\t\t\t\t<\/div>\n\t\t<\/section>\n\t\t\t\t<section class=\"elementor-section elementor-inner-section elementor-element elementor-element-92e58f2 elementor-section-boxed elementor-section-height-default elementor-section-height-default\" data-id=\"92e58f2\" data-element_type=\"section\">\n\t\t\t\t\t\t\t<div class=\"elementor-background-overlay\"><\/div>\n\t\t\t\t\t\t\t<div class=\"elementor-container elementor-column-gap-no\">\n\t\t\t\t\t<div class=\"elementor-column elementor-col-25 elementor-inner-column elementor-element elementor-element-2069547\" data-id=\"2069547\" data-element_type=\"column\">\n\t\t\t<div class=\"elementor-widget-wrap elementor-element-populated\">\n\t\t\t\t\t\t<div class=\"elementor-element elementor-element-a30228f elementor-widget elementor-widget-image\" data-id=\"a30228f\" data-element_type=\"widget\" data-widget_type=\"image.default\">\n\t\t\t\t<div class=\"elementor-widget-container\">\n\t\t\t\t\t\t\t\t\t\t\t\t\t\t\t\t<a href=\"https:\/\/empresasramires.com.br\/site\/\/site\/ramires-residencial\/\" target=\"_blank\">\n\t\t\t\t\t\t\t<img fetchpriority=\"high\" decoding=\"async\" width=\"780\" height=\"867\" src=\"https:\/\/empresasramires.com.br\/site\/wp-content\/uploads\/2021\/12\/imoblogo.png\" class=\"attachment-large size-large wp-image-1188\" alt=\"\" srcset=\"https:\/\/empresasramires.com.br\/site\/wp-content\/uploads\/2021\/12\/imoblogo.png 780w, https:\/\/empresasramires.com.br\/site\/wp-content\/uploads\/2021\/12\/imoblogo-270x300.png 270w, https:\/\/empresasramires.com.br\/site\/wp-content\/uploads\/2021\/12\/imoblogo-768x854.png 768w, https:\/\/empresasramires.com.br\/site\/wp-content\/uploads\/2021\/12\/imoblogo-131x146.png 131w, https:\/\/empresasramires.com.br\/site\/wp-content\/uploads\/2021\/12\/imoblogo-45x50.png 45w, https:\/\/empresasramires.com.br\/site\/wp-content\/uploads\/2021\/12\/imoblogo-67x75.png 67w\" sizes=\"(max-width: 780px) 100vw, 780px\" \/>\t\t\t\t\t\t\t\t<\/a>\n\t\t\t\t\t\t\t\t\t\t\t\t\t\t\t<\/div>\n\t\t\t\t<\/div>\n\t\t\t\t\t<\/div>\n\t\t<\/div>\n\t\t\t\t<div class=\"elementor-column elementor-col-25 elementor-inner-column elementor-element elementor-element-52ac058\" data-id=\"52ac058\" data-element_type=\"column\">\n\t\t\t<div class=\"elementor-widget-wrap elementor-element-populated\">\n\t\t\t\t\t\t<div class=\"elementor-element elementor-element-95dd524 elementor-widget elementor-widget-image\" data-id=\"95dd524\" data-element_type=\"widget\" data-settings=\"{&quot;_animation&quot;:&quot;none&quot;}\" data-widget_type=\"image.default\">\n\t\t\t\t<div class=\"elementor-widget-container\">\n\t\t\t\t\t\t\t\t\t\t\t\t\t\t\t\t<a href=\"https:\/\/empresasramires.com.br\/site\/\/site\/reflortec\" target=\"_blank\">\n\t\t\t\t\t\t\t<img decoding=\"async\" width=\"780\" height=\"867\" src=\"https:\/\/empresasramires.com.br\/site\/wp-content\/uploads\/2021\/12\/reflogo.png\" class=\"elementor-animation-float attachment-2048x2048 size-2048x2048 wp-image-1189\" alt=\"\" srcset=\"https:\/\/empresasramires.com.br\/site\/wp-content\/uploads\/2021\/12\/reflogo.png 780w, https:\/\/empresasramires.com.br\/site\/wp-content\/uploads\/2021\/12\/reflogo-270x300.png 270w, https:\/\/empresasramires.com.br\/site\/wp-content\/uploads\/2021\/12\/reflogo-768x854.png 768w, https:\/\/empresasramires.com.br\/site\/wp-content\/uploads\/2021\/12\/reflogo-131x146.png 131w, https:\/\/empresasramires.com.br\/site\/wp-content\/uploads\/2021\/12\/reflogo-45x50.png 45w, https:\/\/empresasramires.com.br\/site\/wp-content\/uploads\/2021\/12\/reflogo-67x75.png 67w\" sizes=\"(max-width: 780px) 100vw, 780px\" \/>\t\t\t\t\t\t\t\t<\/a>\n\t\t\t\t\t\t\t\t\t\t\t\t\t\t\t<\/div>\n\t\t\t\t<\/div>\n\t\t\t\t<div class=\"elementor-element elementor-element-a4aedd8 elementor-widget elementor-widget-image\" data-id=\"a4aedd8\" data-element_type=\"widget\" data-widget_type=\"image.default\">\n\t\t\t\t<div class=\"elementor-widget-container\">\n\t\t\t\t\t\t\t\t\t\t\t\t\t\t\t\t<a href=\"http:\/\/br806.teste.website\/~ramire14\/site\/ramires-residencial\/\" target=\"_blank\">\n\t\t\t\t\t\t\t<img loading=\"lazy\" decoding=\"async\" width=\"780\" height=\"867\" src=\"https:\/\/empresasramires.com.br\/site\/wp-content\/uploads\/2021\/12\/imoblogo.png\" class=\"elementor-animation-float attachment-2048x2048 size-2048x2048 wp-image-1188\" alt=\"\" srcset=\"https:\/\/empresasramires.com.br\/site\/wp-content\/uploads\/2021\/12\/imoblogo.png 780w, https:\/\/empresasramires.com.br\/site\/wp-content\/uploads\/2021\/12\/imoblogo-270x300.png 270w, https:\/\/empresasramires.com.br\/site\/wp-content\/uploads\/2021\/12\/imoblogo-768x854.png 768w, https:\/\/empresasramires.com.br\/site\/wp-content\/uploads\/2021\/12\/imoblogo-131x146.png 131w, https:\/\/empresasramires.com.br\/site\/wp-content\/uploads\/2021\/12\/imoblogo-45x50.png 45w, https:\/\/empresasramires.com.br\/site\/wp-content\/uploads\/2021\/12\/imoblogo-67x75.png 67w\" sizes=\"(max-width: 780px) 100vw, 780px\" \/>\t\t\t\t\t\t\t\t<\/a>\n\t\t\t\t\t\t\t\t\t\t\t\t\t\t\t<\/div>\n\t\t\t\t<\/div>\n\t\t\t\t\t<\/div>\n\t\t<\/div>\n\t\t\t\t<div class=\"elementor-column elementor-col-25 elementor-inner-column elementor-element elementor-element-6aa5017\" data-id=\"6aa5017\" data-element_type=\"column\">\n\t\t\t<div class=\"elementor-widget-wrap elementor-element-populated\">\n\t\t\t\t\t\t<div class=\"elementor-element elementor-element-5e16806 elementor-widget elementor-widget-image\" data-id=\"5e16806\" data-element_type=\"widget\" data-widget_type=\"image.default\">\n\t\t\t\t<div class=\"elementor-widget-container\">\n\t\t\t\t\t\t\t\t\t\t\t\t\t\t\t\t<a href=\"http:\/\/www.ramiresmotors.com.br\/\" target=\"_blank\">\n\t\t\t\t\t\t\t<img loading=\"lazy\" decoding=\"async\" width=\"800\" height=\"800\" src=\"https:\/\/empresasramires.com.br\/site\/wp-content\/uploads\/2024\/06\/20960_avatar_redes_sociais_800px-1.jpg\" class=\"elementor-animation-float attachment-large size-large wp-image-1338\" alt=\"\" srcset=\"https:\/\/empresasramires.com.br\/site\/wp-content\/uploads\/2024\/06\/20960_avatar_redes_sociais_800px-1.jpg 800w, https:\/\/empresasramires.com.br\/site\/wp-content\/uploads\/2024\/06\/20960_avatar_redes_sociais_800px-1-300x300.jpg 300w, https:\/\/empresasramires.com.br\/site\/wp-content\/uploads\/2024\/06\/20960_avatar_redes_sociais_800px-1-150x150.jpg 150w, https:\/\/empresasramires.com.br\/site\/wp-content\/uploads\/2024\/06\/20960_avatar_redes_sociais_800px-1-768x768.jpg 768w, https:\/\/empresasramires.com.br\/site\/wp-content\/uploads\/2024\/06\/20960_avatar_redes_sociais_800px-1-146x146.jpg 146w, https:\/\/empresasramires.com.br\/site\/wp-content\/uploads\/2024\/06\/20960_avatar_redes_sociais_800px-1-50x50.jpg 50w, https:\/\/empresasramires.com.br\/site\/wp-content\/uploads\/2024\/06\/20960_avatar_redes_sociais_800px-1-75x75.jpg 75w, https:\/\/empresasramires.com.br\/site\/wp-content\/uploads\/2024\/06\/20960_avatar_redes_sociais_800px-1-85x85.jpg 85w, https:\/\/empresasramires.com.br\/site\/wp-content\/uploads\/2024\/06\/20960_avatar_redes_sociais_800px-1-80x80.jpg 80w\" sizes=\"(max-width: 800px) 100vw, 800px\" \/>\t\t\t\t\t\t\t\t<\/a>\n\t\t\t\t\t\t\t\t\t\t\t\t\t\t\t<\/div>\n\t\t\t\t<\/div>\n\t\t\t\t\t<\/div>\n\t\t<\/div>\n\t\t\t\t<div class=\"elementor-column elementor-col-25 elementor-inner-column elementor-element elementor-element-0d9f7a4\" data-id=\"0d9f7a4\" data-element_type=\"column\">\n\t\t\t<div class=\"elementor-widget-wrap elementor-element-populated\">\n\t\t\t\t\t\t<div class=\"elementor-element elementor-element-7358291 elementor-widget elementor-widget-image\" data-id=\"7358291\" data-element_type=\"widget\" data-widget_type=\"image.default\">\n\t\t\t\t<div class=\"elementor-widget-container\">\n\t\t\t\t\t\t\t\t\t\t\t\t\t\t\t\t<a href=\"https:\/\/empresasramires.com.br\/site\/\/site\/ramires-residencial\/\" target=\"_blank\">\n\t\t\t\t\t\t\t<img loading=\"lazy\" decoding=\"async\" width=\"780\" height=\"867\" src=\"https:\/\/empresasramires.com.br\/site\/wp-content\/uploads\/2021\/12\/reslogo.png\" class=\"elementor-animation-float attachment-large size-large wp-image-1190\" alt=\"\" srcset=\"https:\/\/empresasramires.com.br\/site\/wp-content\/uploads\/2021\/12\/reslogo.png 780w, https:\/\/empresasramires.com.br\/site\/wp-content\/uploads\/2021\/12\/reslogo-270x300.png 270w, https:\/\/empresasramires.com.br\/site\/wp-content\/uploads\/2021\/12\/reslogo-768x854.png 768w, https:\/\/empresasramires.com.br\/site\/wp-content\/uploads\/2021\/12\/reslogo-131x146.png 131w, https:\/\/empresasramires.com.br\/site\/wp-content\/uploads\/2021\/12\/reslogo-45x50.png 45w, https:\/\/empresasramires.com.br\/site\/wp-content\/uploads\/2021\/12\/reslogo-67x75.png 67w\" sizes=\"(max-width: 780px) 100vw, 780px\" \/>\t\t\t\t\t\t\t\t<\/a>\n\t\t\t\t\t\t\t\t\t\t\t\t\t\t\t<\/div>\n\t\t\t\t<\/div>\n\t\t\t\t\t<\/div>\n\t\t<\/div>\n\t\t\t\t\t<\/div>\n\t\t<\/section>\n\t\t\t\t<div class=\"elementor-element elementor-element-58536c0 elementor-align-center elementor-widget elementor-widget-button\" data-id=\"58536c0\" data-element_type=\"widget\" data-widget_type=\"button.default\">\n\t\t\t\t<div class=\"elementor-widget-container\">\n\t\t\t\t\t\t\t\t\t<div class=\"elementor-button-wrapper\">\n\t\t\t\t\t<a class=\"elementor-button elementor-button-link elementor-size-lg\" href=\"https:\/\/empresasramires.com.br\/site\/\/site\/nossos-negocios\">\n\t\t\t\t\t\t<span class=\"elementor-button-content-wrapper\">\n\t\t\t\t\t\t<span class=\"elementor-button-icon\">\n\t\t\t\t<i aria-hidden=\"true\" class=\"far fa-check-circle\"><\/i>\t\t\t<\/span>\n\t\t\t\t\t\t\t\t\t<span class=\"elementor-button-text\">CONHE\u00c7A NOSSOS NEG\u00d3CIOS<\/span>\n\t\t\t\t\t<\/span>\n\t\t\t\t\t<\/a>\n\t\t\t\t<\/div>\n\t\t\t\t\t\t\t\t<\/div>\n\t\t\t\t<\/div>\n\t\t\t\t\t<\/div>\n\t\t<\/div>\n\t\t\t\t\t<\/div>\n\t\t<\/section>\n\t\t\t\t<section class=\"elementor-section elementor-top-section elementor-element elementor-element-18bfd71 elementor-section-stretched elementor-section-boxed elementor-section-height-default elementor-section-height-default\" data-id=\"18bfd71\" data-element_type=\"section\" data-settings=\"{&quot;stretch_section&quot;:&quot;section-stretched&quot;}\">\n\t\t\t\t\t\t<div class=\"elementor-container elementor-column-gap-wider\">\n\t\t\t\t\t<div class=\"elementor-column elementor-col-100 elementor-top-column elementor-element elementor-element-a910303\" data-id=\"a910303\" data-element_type=\"column\">\n\t\t\t<div class=\"elementor-widget-wrap elementor-element-populated\">\n\t\t\t\t\t\t<section class=\"elementor-section elementor-inner-section elementor-element elementor-element-dd9fa4d elementor-section-content-middle elementor-section-boxed elementor-section-height-default elementor-section-height-default\" data-id=\"dd9fa4d\" data-element_type=\"section\">\n\t\t\t\t\t\t<div class=\"elementor-container elementor-column-gap-default\">\n\t\t\t\t\t<div class=\"elementor-column elementor-col-50 elementor-inner-column elementor-element elementor-element-3894d5f\" data-id=\"3894d5f\" data-element_type=\"column\">\n\t\t\t<div class=\"elementor-widget-wrap elementor-element-populated\">\n\t\t\t\t\t\t<div class=\"elementor-element elementor-element-3f08883 elementor-widget elementor-widget-image\" data-id=\"3f08883\" data-element_type=\"widget\" data-widget_type=\"image.default\">\n\t\t\t\t<div class=\"elementor-widget-container\">\n\t\t\t\t\t\t\t\t\t\t\t\t\t\t\t<img loading=\"lazy\" decoding=\"async\" width=\"696\" height=\"1024\" src=\"https:\/\/empresasramires.com.br\/site\/wp-content\/uploads\/2021\/11\/ki-1-696x1024.jpg\" class=\"attachment-large size-large wp-image-917\" alt=\"\" srcset=\"https:\/\/empresasramires.com.br\/site\/wp-content\/uploads\/2021\/11\/ki-1-696x1024.jpg 696w, https:\/\/empresasramires.com.br\/site\/wp-content\/uploads\/2021\/11\/ki-1-204x300.jpg 204w, https:\/\/empresasramires.com.br\/site\/wp-content\/uploads\/2021\/11\/ki-1-768x1129.jpg 768w, https:\/\/empresasramires.com.br\/site\/wp-content\/uploads\/2021\/11\/ki-1-99x146.jpg 99w, https:\/\/empresasramires.com.br\/site\/wp-content\/uploads\/2021\/11\/ki-1-34x50.jpg 34w, https:\/\/empresasramires.com.br\/site\/wp-content\/uploads\/2021\/11\/ki-1-51x75.jpg 51w, https:\/\/empresasramires.com.br\/site\/wp-content\/uploads\/2021\/11\/ki-1.jpg 780w\" sizes=\"(max-width: 696px) 100vw, 696px\" \/>\t\t\t\t\t\t\t\t\t\t\t\t\t\t\t<\/div>\n\t\t\t\t<\/div>\n\t\t\t\t\t<\/div>\n\t\t<\/div>\n\t\t\t\t<div class=\"elementor-column elementor-col-50 elementor-inner-column elementor-element elementor-element-1cca6ad\" data-id=\"1cca6ad\" data-element_type=\"column\">\n\t\t\t<div class=\"elementor-widget-wrap elementor-element-populated\">\n\t\t\t\t\t\t<div class=\"elementor-element elementor-element-7c451cc elementor-invisible elementor-widget elementor-widget-text-editor\" data-id=\"7c451cc\" data-element_type=\"widget\" data-settings=\"{&quot;_animation&quot;:&quot;slideInRight&quot;}\" data-widget_type=\"text-editor.default\">\n\t\t\t\t<div class=\"elementor-widget-container\">\n\t\t\t\t\t\t\t\t\t<h6>\u00a0<\/h6><h6 class=\"mining2-heading\">QUEM SOMOS<\/h6><h2>Uma empresa de tradi\u00e7\u00e3o<\/h2><h4>Uma empresa de tradicionalmente familiar Empresa Ramires \u00e9 uma corpora\u00e7\u00e3o nacional, reconhecida pela credibilidade e solidez passada em todas as gera\u00e7\u00f5es trabalhadas na empresa. Re\u00fane um portf\u00f3lio diversificado de neg\u00f3cios, atuando nos setores automotivos, florestal e imobili\u00e1rio, nos estados de Mato Grosso do Sul, Maranh\u00e3o e S\u00e3o Paulo.<\/h4>\t\t\t\t\t\t\t\t<\/div>\n\t\t\t\t<\/div>\n\t\t\t\t<div class=\"elementor-element elementor-element-f633ca6 elementor-mobile-align-center elementor-widget elementor-widget-button\" data-id=\"f633ca6\" data-element_type=\"widget\" data-widget_type=\"button.default\">\n\t\t\t\t<div class=\"elementor-widget-container\">\n\t\t\t\t\t\t\t\t\t<div class=\"elementor-button-wrapper\">\n\t\t\t\t\t<a class=\"elementor-button elementor-button-link elementor-size-lg\" href=\"https:\/\/empresasramires.com.br\/site\/\/site\/quem-somos\">\n\t\t\t\t\t\t<span class=\"elementor-button-content-wrapper\">\n\t\t\t\t\t\t\t\t\t<span class=\"elementor-button-text\">SAIBA MAIS<\/span>\n\t\t\t\t\t<\/span>\n\t\t\t\t\t<\/a>\n\t\t\t\t<\/div>\n\t\t\t\t\t\t\t\t<\/div>\n\t\t\t\t<\/div>\n\t\t\t\t\t<\/div>\n\t\t<\/div>\n\t\t\t\t\t<\/div>\n\t\t<\/section>\n\t\t\t\t\t<\/div>\n\t\t<\/div>\n\t\t\t\t\t<\/div>\n\t\t<\/section>\n\t\t\t\t<section class=\"elementor-section elementor-top-section elementor-element elementor-element-19e4321 elementor-section-content-middle elementor-section-stretched elementor-section-boxed elementor-section-height-default elementor-section-height-default\" data-id=\"19e4321\" data-element_type=\"section\" data-settings=\"{&quot;stretch_section&quot;:&quot;section-stretched&quot;,&quot;background_background&quot;:&quot;classic&quot;}\">\n\t\t\t\t\t\t<div class=\"elementor-container elementor-column-gap-wider\">\n\t\t\t\t\t<div class=\"elementor-column elementor-col-50 elementor-top-column elementor-element elementor-element-f707822\" data-id=\"f707822\" data-element_type=\"column\" data-settings=\"{&quot;background_background&quot;:&quot;classic&quot;}\">\n\t\t\t<div class=\"elementor-widget-wrap elementor-element-populated\">\n\t\t\t\t\t\t<div class=\"elementor-element elementor-element-c6faf6c elementor-widget elementor-widget-text-editor\" data-id=\"c6faf6c\" data-element_type=\"widget\" data-widget_type=\"text-editor.default\">\n\t\t\t\t<div class=\"elementor-widget-container\">\n\t\t\t\t\t\t\t\t\t<h1><span style=\"color: #ffff;\">Quer trabalhar conosco?<\/span><\/h1>\t\t\t\t\t\t\t\t<\/div>\n\t\t\t\t<\/div>\n\t\t\t\t<section class=\"elementor-section elementor-inner-section elementor-element elementor-element-3cdacf2 elementor-section-boxed elementor-section-height-default elementor-section-height-default\" data-id=\"3cdacf2\" data-element_type=\"section\">\n\t\t\t\t\t\t<div class=\"elementor-container elementor-column-gap-default\">\n\t\t\t\t\t<div class=\"elementor-column elementor-col-50 elementor-inner-column elementor-element elementor-element-7ff8b30\" data-id=\"7ff8b30\" data-element_type=\"column\">\n\t\t\t<div class=\"elementor-widget-wrap elementor-element-populated\">\n\t\t\t\t\t\t<div class=\"elementor-element elementor-element-ae4b5fa elementor-widget elementor-widget-image\" data-id=\"ae4b5fa\" data-element_type=\"widget\" data-widget_type=\"image.default\">\n\t\t\t\t<div class=\"elementor-widget-container\">\n\t\t\t\t\t\t\t\t\t\t\t\t\t\t\t<img decoding=\"async\" src=\"http:\/\/br806.teste.website\/~ramire14\/site\/wp-content\/uploads\/2020\/03\/mining2-icon1.png\" title=\"\" alt=\"\" loading=\"lazy\" \/>\t\t\t\t\t\t\t\t\t\t\t\t\t\t\t<\/div>\n\t\t\t\t<\/div>\n\t\t\t\t\t<\/div>\n\t\t<\/div>\n\t\t\t\t<div class=\"elementor-column elementor-col-50 elementor-inner-column elementor-element elementor-element-03765c8\" data-id=\"03765c8\" data-element_type=\"column\">\n\t\t\t<div class=\"elementor-widget-wrap elementor-element-populated\">\n\t\t\t\t\t\t<div class=\"elementor-element elementor-element-bb4cc68 elementor-widget elementor-widget-text-editor\" data-id=\"bb4cc68\" data-element_type=\"widget\" data-widget_type=\"text-editor.default\">\n\t\t\t\t<div class=\"elementor-widget-container\">\n\t\t\t\t\t\t\t\t\t<h4><span style=\"color: #ffffff;\">Envie seus dados e entraremos em contato assim que poss\u00edvel<\/span><\/h4>\t\t\t\t\t\t\t\t<\/div>\n\t\t\t\t<\/div>\n\t\t\t\t\t<\/div>\n\t\t<\/div>\n\t\t\t\t\t<\/div>\n\t\t<\/section>\n\t\t\t\t<div class=\"elementor-element elementor-element-04cb7ab elementor-align-center elementor-mobile-align-center elementor-widget elementor-widget-button\" data-id=\"04cb7ab\" data-element_type=\"widget\" data-widget_type=\"button.default\">\n\t\t\t\t<div class=\"elementor-widget-container\">\n\t\t\t\t\t\t\t\t\t<div class=\"elementor-button-wrapper\">\n\t\t\t\t\t<a class=\"elementor-button elementor-button-link elementor-size-lg\" href=\"https:\/\/empresasramires.com.br\/site\/\/site\/contato\">\n\t\t\t\t\t\t<span class=\"elementor-button-content-wrapper\">\n\t\t\t\t\t\t\t\t\t<span class=\"elementor-button-text\">ENTRE EM CONTATO<\/span>\n\t\t\t\t\t<\/span>\n\t\t\t\t\t<\/a>\n\t\t\t\t<\/div>\n\t\t\t\t\t\t\t\t<\/div>\n\t\t\t\t<\/div>\n\t\t\t\t\t<\/div>\n\t\t<\/div>\n\t\t\t\t<div class=\"elementor-column elementor-col-50 elementor-top-column elementor-element elementor-element-ff6d222\" data-id=\"ff6d222\" data-element_type=\"column\" data-settings=\"{&quot;background_background&quot;:&quot;classic&quot;}\">\n\t\t\t<div class=\"elementor-widget-wrap\">\n\t\t\t\t\t\t\t<\/div>\n\t\t<\/div>\n\t\t\t\t\t<\/div>\n\t\t<\/section>\n\t\t\t\t<section class=\"elementor-section elementor-top-section elementor-element elementor-element-67ab6d2 elementor-section-stretched elementor-section-boxed elementor-section-height-default elementor-section-height-default\" data-id=\"67ab6d2\" data-element_type=\"section\" data-settings=\"{&quot;stretch_section&quot;:&quot;section-stretched&quot;,&quot;background_background&quot;:&quot;classic&quot;}\">\n\t\t\t\t\t\t<div class=\"elementor-container elementor-column-gap-wider\">\n\t\t\t\t\t<div class=\"elementor-column elementor-col-100 elementor-top-column elementor-element elementor-element-d83f51a\" data-id=\"d83f51a\" data-element_type=\"column\">\n\t\t\t<div class=\"elementor-widget-wrap elementor-element-populated\">\n\t\t\t\t\t\t<section class=\"elementor-section elementor-inner-section elementor-element elementor-element-0683e97 elementor-section-content-middle elementor-section-boxed elementor-section-height-default elementor-section-height-default elementor-invisible\" data-id=\"0683e97\" data-element_type=\"section\" data-settings=\"{&quot;background_background&quot;:&quot;classic&quot;,&quot;animation&quot;:&quot;fadeInUp&quot;}\">\n\t\t\t\t\t\t<div class=\"elementor-container elementor-column-gap-extended\">\n\t\t\t\t\t<div class=\"elementor-column elementor-col-100 elementor-inner-column elementor-element elementor-element-00c1aa0\" data-id=\"00c1aa0\" data-element_type=\"column\" data-settings=\"{&quot;background_background&quot;:&quot;classic&quot;}\">\n\t\t\t<div class=\"elementor-widget-wrap elementor-element-populated\">\n\t\t\t\t\t\t<div class=\"elementor-element elementor-element-5984f63 elementor-widget elementor-widget-text-editor\" data-id=\"5984f63\" data-element_type=\"widget\" data-widget_type=\"text-editor.default\">\n\t\t\t\t<div class=\"elementor-widget-container\">\n\t\t\t\t\t\t\t\t\t<h4><span style=\"color: #ffffff;\">Tem alguma d\u00favida?<\/span><\/h4>\n<div><span style=\"color: #ffffff;\">Entre em contato conosco<\/span><\/div>\n<div><span style=\"color: #ffffff;\">&nbsp;<\/span><\/div>\n<h3 class=\"themecolor\">+55 (15) 3229-7575<\/h3>\n<h5 class=\"themecolor\">contatoempresas@ramires.com.br<\/h5>\t\t\t\t\t\t\t\t<\/div>\n\t\t\t\t<\/div>\n\t\t\t\t<div class=\"elementor-element elementor-element-5a42e0e elementor-align-center elementor-widget elementor-widget-button\" data-id=\"5a42e0e\" data-element_type=\"widget\" data-widget_type=\"button.default\">\n\t\t\t\t<div class=\"elementor-widget-container\">\n\t\t\t\t\t\t\t\t\t<div class=\"elementor-button-wrapper\">\n\t\t\t\t\t<a class=\"elementor-button elementor-button-link elementor-size-xl\" href=\"https:\/\/empresasramires.com.br\/site\/\/site\/contato\/\">\n\t\t\t\t\t\t<span class=\"elementor-button-content-wrapper\">\n\t\t\t\t\t\t\t\t\t<span class=\"elementor-button-text\">LIGUE AGORA<\/span>\n\t\t\t\t\t<\/span>\n\t\t\t\t\t<\/a>\n\t\t\t\t<\/div>\n\t\t\t\t\t\t\t\t<\/div>\n\t\t\t\t<\/div>\n\t\t\t\t\t<\/div>\n\t\t<\/div>\n\t\t\t\t\t<\/div>\n\t\t<\/section>\n\t\t\t\t\t<\/div>\n\t\t<\/div>\n\t\t\t\t\t<\/div>\n\t\t<\/section>\n\t\t\t\t<\/div>\n\t\t","protected":false},"excerpt":{"rendered":"<p>Nossos neg\u00f3cios O grupo re\u00fane empresas de v\u00e1rios setores, tais como, a Ramires Motors, concession\u00e1ria da Toyota; Ramires Reflortec, produtos florestais; Ramires Empreendimentos Imobili\u00e1rios, como a<span class=\"excerpt-hellip\"> [\u2026]<\/span><\/p>\n","protected":false},"author":1,"featured_media":577,"parent":0,"menu_order":0,"comment_status":"closed","ping_status":"closed","template":"","meta":{"_joinchat":[],"footnotes":""},"class_list":["post-392","page","type-page","status-publish","has-post-thumbnail","hentry"],"_links":{"self":[{"href":"https:\/\/empresasramires.com.br\/site\/wp-json\/wp\/v2\/pages\/392","targetHints":{"allow":["GET"]}}],"collection":[{"href":"https:\/\/empresasramires.com.br\/site\/wp-json\/wp\/v2\/pages"}],"about":[{"href":"https:\/\/empresasramires.com.br\/site\/wp-json\/wp\/v2\/types\/page"}],"author":[{"embeddable":true,"href":"https:\/\/empresasramires.com.br\/site\/wp-json\/wp\/v2\/users\/1"}],"replies":[{"embeddable":true,"href":"https:\/\/empresasramires.com.br\/site\/wp-json\/wp\/v2\/comments?post=392"}],"version-history":[{"count":181,"href":"https:\/\/empresasramires.com.br\/site\/wp-json\/wp\/v2\/pages\/392\/revisions"}],"predecessor-version":[{"id":1341,"href":"https:\/\/empresasramires.com.br\/site\/wp-json\/wp\/v2\/pages\/392\/revisions\/1341"}],"wp:featuredmedia":[{"embeddable":true,"href":"https:\/\/empresasramires.com.br\/site\/wp-json\/wp\/v2\/media\/577"}],"wp:attachment":[{"href":"https:\/\/empresasramires.com.br\/site\/wp-json\/wp\/v2\/media?parent=392"}],"curies":[{"name":"wp","href":"https:\/\/api.w.org\/{rel}","templated":true}]}}